 - 12*y + 18. Let o be z(-13). Suppose 16 + 29 = o*k - 5*b, 5*k - 27 = -b. What is the units digit of u(k)?
1
What is the units digit of 2/(-26)*2 - (-2430)/585?
4
Suppose 6*p = 9*p - 12. Let n(a) = -5*a**2 + a + 4. Let s(u) = -4*u**2 + u + 4. Let g(y) = 3*n(y) - 4*s(y). What is the units digit of g(p)?
8
Suppose 0 = g - 2*x - 1, -g - 11 = -5*g + x. Let r(c) = 3*c + 6. Let f be r(-2). What is the units digit of g - (-2 - f - 36)?
1
Let b be (-52)/(-10) + 8/(-40). Let c be -348*(1 - (-3)/(-2)). Suppose 0 = b*a + 3*o - c, 2*a = -0*o - 3*o + 75. What is the tens digit of a?
3
Let v = 37 - 65. What is the units digit of (-9 + 7 + 0)/(2/v)?
8
Let w(f) = -f**2 + 5*f - 2. Let i = 3 + 0. Let o be w(i). Suppose -o*u = 4*v - 80, -16 = u - 2*u - 2*v. What is the units digit of u?
4
Suppose -2145 = -13*k + 2600. What is the hundreds digit of k?
3
Suppose 85*u - 88*u + 1191 = 0. What is the hundreds digit of u?
3
Let z(u) = 80*u**2 - 3*u - 2. Let o = -47 + 46. What is the units digit of z(o)?
1
Let d(t) = t**2 - 7*t - 5. Let m be d(8). Suppose -5 = 3*a - 5*k - 19, m*a + k = 26. What is the tens digit of (-86)/(-4) - (-12)/a?
2
Let w = 12 - 10. Suppose 3*v - 3*p = -9, -20 = 5*v - w*p + 7. Let o = v + 16. What is the units digit of o?
9
Let p(l) = 2*l**2 + 7*l + 59. Let a(k) = -3*k**2 - 8*k - 60. Let f(w) = -3*a(w) - 4*p(w). What is the tens digit of f(17)?
6
Let d(y) = 5*y**3 + 6 + 8*y**2 - 3*y**3 - 1 - y**3. Let g be d(-6). Let h = -43 + g. What is the tens digit of h?
3
Let g(o) = -2*o**2 - 11*o - 12. Let q be g(-7). Let a = q + 45. What is the tens digit of a?
1
Let x(m) = 96*m + 61. What is the tens digit of x(6)?
3
Suppose -3*i + 500 - 8 = 0. Let u = i + -112. What is the tens digit of u?
5
Suppose 2*k = k. Suppose -3*n + k*n = -15. Let f = 12 + n. What is the units digit of f?
7
Let z(v) = -22*v**2 - 25 + v - v + 21*v**2 + 16*v. What is the tens digit of z(11)?
3
Let c(h) = h**2 - 14*h + 14. Let z be c(5). Let y = z - -112. What is the tens digit of y?
8
Let w be (15/10 - 4)/((-3)/6). Suppose 0*x - w*x = -2*g - 353, 5*x + 2*g = 357. What is the tens digit of x?
7
Suppose 2*c + 2 = 4*n - 0, 2*c - 3 = -n. Let t be (-759)/(-8) - c/(-8). Suppose 2*g - t + 29 = 0. What is the tens digit of g?
3
Suppose -25*t - 40 = -20*t. What is the units digit of (0 - (3 + (-63)/(-4)))*t?
0
Suppose b + 38 - 117 = 0. Suppose -5*i - b = -z, -6*z + 475 = -z - 5*i. What is the tens digit of z?
9
Let b = -309 + 496. What is the hundreds digit of b?
1
Suppose -2 = l, -d - 3*d + 3*l = 2. Let h be d - (3/(-1) - 2). Suppose 3*o = o - w + 34, h*w = -o + 12. What is the tens digit of o?
1
Suppose 25*v - 14549 = 2776. What is the tens digit of v?
9
Let b = -31 + 34. Suppose 0 = 5*l + b*y - 239, -3*l - 3*y - 13 = -154. What is the units digit of l?
9
Let o be (-94)/16 + (-4)/32. Let q be ((-2)/(-6))/(o/(-234)). Suppose -7*p + q = -15. What is the units digit of p?
4
Let a(r) = -318*r + 13. What is the units digit of a(-1)?
1
What is the tens digit of (-4627)/(-21) - (15/(-9) + 2)?
2
Let v be (-10)/6*(-6)/5. Suppose -6*z - 5 = -z, -v*r + z + 207 = 0. What is the units digit of r?
3
Let n(o) = o**2 - 4*o - 21. Let q = 5 + 6. What is the tens digit of n(q)?
5
Let j(l) = 211*l**2 + l - 2. What is the hundreds digit of j(2)?
8
Suppose 14 = 4*m - 6. Let l be (6/(-2))/(m/(-15)). What is the units digit of 3 + 2/(-2) + l?
1
Let z = -5 + 9. Let g be (18/8)/(1/z). What is the units digit of (-9)/(g/(-10)) + 0?
0
Let u = -98 + 144. What is the tens digit of u?
4
Let u(c) = c**3 + 3*c**2 - 2*c - 2. Let a be u(-3). Let d(p) = 4*p + 5. Let w be d(a). Suppose -3*n - w + 63 = 0. What is the units digit of n?
4
Let a = 2397 - 1126. What is the tens digit of a?
7
What is the tens digit of 10064/96 + (-1)/(-6)?
0
Let v(s) = 23*s + 16. Let b(h) = -22*h - 14. Let k(m) = -3*b(m) - 2*v(m). What is the tens digit of k(8)?
7
Suppose 4*i = 8*i - 56. Suppose -b + 3*b - i = 0. What is the units digit of 8/3*(b + 5)?
2
Let j be 279/(-3)*((-22)/6 - -1). Suppose 0 = -3*z + 5*p + j, -3*z = -0*p + 5*p - 298. What is the tens digit of z?
9
Let t = -3 + 8. Suppose -t*b - 39 = 91. Let i = b - -51. What is the tens digit of i?
2
Let s(u) = -274*u + 5. Let t = -28 - -27. What is the hundreds digit of s(t)?
2
Suppose 0*d = -d + 3*p + 81, 4*d - 4*p = 316. Let c = d - 115. What is the units digit of 1 + c/(-1) + -3?
5
Let g(n) = n**3 - 4*n**2 + n - 3. Let o be g(4). Suppose 0 = 4*r - 13 + o. Suppose r*l = 5*l - 38. What is the units digit of l?
9
Let n(c) = 4*c - 10. Let v be n(3). Suppose 0 = 4*d + 2*k - 366, -3*k - 74 = v*d - 3*d. What is the tens digit of d?
8
Suppose 2*r = 5*x - 32, -3*x - 3*r + 22 = 7. Suppose -3*b + x*b - 69 = 0. What is the tens digit of b?
2
Let f = -9 - -12. Suppose -t = 3*l + 48, 0*t - 3*l = -f*t - 156. What is the units digit of (4 + 28/(-6))*t?
4
Suppose -2 = -2*r + 2. Suppose 5*q + 5*l + 15 = 0, -3*q + 2*l + 2 + 14 = 0. Suppose -3*o + q*o + r = 0. What is the units digit of o?
2
Let u(p) be the first derivative of -3/2*p**2 + 0*p**3 - 9 + 4*p + 1/4*p**4. What is the tens digit of u(3)?
2
Let a(k) = 13*k**2 + 7*k + 10. What is the tens digit of a(13)?
9
Let o = 21 - 43. What is the tens digit of 10/1*(-374)/o?
7
Let n(b) = -b**3 - 6*b**2 - 5*b. Let p be n(-2). Let f(c) = -c**3 - 2*c**2 + 8*c + 7. What is the tens digit of f(p)?
0
Let f(o) = o. Let b(z) = 7*z + 8. Let d(i) = b(i) + 4*f(i). What is the tens digit of d(6)?
7
Suppose 44*j - 11536 = 37*j. What is the hundreds digit of j?
6
Suppose 6560 = 13*w - 343. What is the units digit of w?
1
Let s(t) = t**2 - 4*t - 10. Let i = -32 + 27. What is the units digit of s(i)?
5
Let p = -95 - -314. Let f = -75 + p. Suppose -4*h = -f - 60. What is the tens digit of h?
5
Let y be (-6 + 0)/((-18)/12). Suppose 2*l - 6*v - 66 = -2*v, y = -2*v. What is the tens digit of l?
2
Let w(c) = 2*c**3 + 8*c**2 - 3 - 2 - 2 - c**3 - 2*c. Let m be (-4)/(6/3)*4. What is the units digit of w(m)?
9
Suppose -5*h = 5, 2*i - h - 14 = 3*h. Suppose -12 = 4*g - g, 5*p - i*g = 25. What is the units digit of p?
1
Suppose v = 4*p - 11, 0 = v - 5*p - 1 + 17. Let u = 286 - 289. What is the units digit of -1 + v/u*-3?
8
Suppose 18*p = -3604 + 22792. What is the thousands digit of p?
1
Let l(v) = -v**3 - 11*v**2 - 2*v - 2. Let j be l(-11). Suppose -j = -3*o + 94. What is the units digit of o?
8
Let i(c) = -308*c**2 - 1. Let d be i(1). Let x = -124 - d. What is the units digit of x?
5
Let w = -1007 - -2271. What is the units digit of w?
4
Suppose b = -0*y + 5*y + 292, 0 = 2*b + y - 540. What is the tens digit of b - (1 + 3 - (5 + 2))?
7
Let y be 2/(-4 + 6)*15. Suppose y = -2*j + 269. What is the units digit of j?
7
Let d(h) = 164*h**2 - 108*h + 2. What is the tens digit of d(-3)?
0
Suppose 4*a - 42 = -5*w, -3*a = -5*w + a + 58. Let u be (-1)/2 - (-105)/w. Suppose 4 = 4*x - 3*m - 3, -x = 2*m - u. What is the units digit of x?
4
Let k be 16/10 + (-6)/(-15). Let w = 200 + -121. Suppose 2*x = -k*b + 7*x + w, -b - 2*x = -35. What is the tens digit of b?
3
Let c(n) be the third derivative of -17*n**4/24 + 41*n**3/6 - 9*n**2 - n. What is the hundreds digit of c(-12)?
2
Suppose 0 = -7*y + 2*y + 2*z + 8, -7 = -5*y + 3*z. Suppose -2*i = y*i + 8. What is the units digit of (-2 - i) + 2 + 27?
9
Let a(o) = 4*o**2 - 46*o - 38. What is the units digit of a(-21)?
2
What is the units digit of (-9 - -10)*(-5403)/(-3)?
1
Let f(q) = 2*q**2 - 10. Let p be f(4). What is the hundreds digit of ((-16)/(-12) + 0)*p*6?
1
Let q(i) = 3*i**3 - 17*i**2 - 19*i - 31. What is the hundreds digit of q(10)?
0
What is the units digit of ((-756)/(-105))/((-1)/((-330)/9))?
4
Suppose -4*u + 60 - 8 = 0. Suppose 63 = -u*l + 14*l. What is the tens digit of l?
6
Let y = 20 + -133. Let c = -90 - y. What is the tens digit of c?
2
Suppose 39*p - 29*p = 3750. What is the tens digit of p?
7
Suppose 4*k + 6*n - 3*n + 266 = 0, 2*n = -2*k - 134. Let v = 117 + k. What is the units digit of v?
2
Let h(r) be the first derivative of -r**4/4 - 4*r**3/3 - 3*r**2/2 - r + 6. Let j be h(-2). What is the units digit of j + (335/5 - -4)?
8
Let l be ((-50)/((-25)/(-5)))/(-2). Suppose -l*s + 2*s - 4*f = -35, -73 = -5*s - 3*f. What is the units digit of s?
7
Let t be 4/3 + 0 + 1592/12. Let o = t + -19. What is the hundreds digit of o?
1
Suppose -5